 7.
-13545235
What is -28271 (base 15) in base 14?
-34d26
What is 4056508 (base 10) in base 9?
7562431
Convert -340552030 (base 6) to base 8.
-27525762
Convert -536111 (base 10) to base 5.
-114123421
Convert -21021122201120 (base 3) to base 12.
-1368059
6bd7c (base 14) to base 8
1002252
Convert -63563 (base 11) to base 3.
-11200220102
111cb3 (base 16) to base 13
3035b1
Convert c10144 (base 14) to base 8.
30610620
Convert -3ea205 (base 16) to base 10.
-4104709
Convert 40144040 (base 7) to base 16.
32b07f
3237874 (base 9) to base 15
244e17
10000101220211 (base 3) to base 7
16422244
Convert 96a631 (base 13) to base 12.
122638b
230391 (base 11) to base 5
43211423
What is -1440011431 (base 5) in base 14?
-719595
What is 200023102 (base 5) in base 6?
24440314
What is 18b7b26 (base 12) in base 10?
5218446
What is -135355212 (base 6) in base 12?
-b22b08
Convert 3e8d0 (base 15) to base 2.
110001000110100000
What is -292032 (base 13) in base 10?
-1004070
What is 2cbc46 (base 14) in base 11?
981aa0
Convert 48cc (base 14) to base 4.
3012310
Convert -55322523 (base 7) to base 16.
-48aa13
3952 (base 15) to base 8
27703
9063190 (base 10) to base 2
100010100100101100010110
1636e (base 16) to base 11
623a9
Convert -31502502 (base 7) to base 6.
-133144050
Convert -157122 (base 9) to base 4.
-113230202
What is 101221122 (base 3) in base 4?
1330232
Convert 111010000111111 (base 2) to base 14.
abb9
Convert 3453288 (base 12) to base 6.
555401452
Convert -5204361 (base 9) to base 15.
-39d3e7
What is -17568 (base 10) in base 8?
-42240
What is 428058 (base 9) in base 14?
6900b
-1011011101001001110011 (base 2) to base 11
-1771216
What is 363468 (base 11) in base 16?
8c83e
What is d610 (base 16) in base 7?
315524
148893c (base 15) to base 16
e2c77f
-333423 (base 10) to base 15
-68bd3
What is 3639544 (base 10) in base 3?
20211220111221
-1567913 (base 12) to base 16
-42a65f
What is 336950 (base 13) in base 4?
10220131322
What is 15738 (base 10) in base 11?
10908
What is 25619 (base 11) in base 2?
1000111101001011
-20465172 (base 9) to base 13
-2069321
What is -185380 (base 15) in base 2?
-100100000100101011101
What is 5cbb8 (base 15) in base 9?
501362
What is 16407a (base 16) in base 14?
29d642
What is 14462265 (base 7) in base 11?
860299
-194247 (base 10) to base 8
-573307
What is -70165 (base 9) in base 12?
-227ab
Convert 22002210201002 (base 3) to base 2.
10000011011011100011110
Convert -16353055 (base 7) to base 13.
-43a083
What is -30c416 (base 14) in base 11?
-a25629
28a375 (base 15) to base 5
1000131120
What is 1222210120 (base 3) in base 16?
9933
What is -1d29a4 (base 15) in base 7?
-15060454
What is 33142141 (base 5) in base 15?
5a14b
-2122210012010 (base 3) to base 13
-3a6179
Convert -52ac97 (base 15) to base 16.
-3c09fd
-4072321 (base 8) to base 7
-12111155
Convert -641448a (base 11) to base 3.
-210020210121122
What is -23032102 (base 7) in base 16?
-1ea3a5
Convert 471570 (base 12) to base 6.
40255420
1012014110 (base 5) to base 7
23353326
-20325503 (base 7) to base 9
-3176735
-524b95 (base 15) to base 11
-2233910
Convert 1314504 (base 11) to base 12.
918874
1327251 (base 9) to base 5
141231041
318002 (base 13) to base 4
10123031102
What is 402413 (base 11) in base 13?
198873
What is -22543601 (base 9) in base 6?
-1030432131
What is 101220100200 (base 3) in base 10?
214587
What is 1164026 (base 7) in base 4?
210223232
What is 3011102230 (base 5) in base 2?
10110101110001111010101
96817 (base 16) to base 5
124211341
1b84c (base 14) to base 8
211134
What is 1112245 (base 8) in base 2?
1001001010010100101
Convert 104b268 (base 12) to base 3.
12210220100122
3107432 (base 9) to base 14
31275a
3c92b (base 15) to base 12
94635
Convert -bb4be (base 16) to base 2.
-10111011010010111110
-5624652 (base 8) to base 3
-2212010022000
Convert -2222100222 (base 3) to base 11.
-40023
-1033 (base 11) to base 16
-557
-111133102 (base 4) to base 15
-1b12d
What is -897973 (base 12) in base 4?
-20112312213
Convert 30bbb (base 13) to base 9.
143260
499a024 (base 11) to base 14
121d7ba
-1010100022222 (base 3) to base 4
-2101310231
What is -d0320 (base 14) in base 2?
-1111010000100111000
-45141330 (base 6) to base 14
-277d0a
237520 (base 9) to base 13
502c8
What is 2bc69 (base 16) in base 2?
101011110001101001
What is 4355803 (base 10) in base 6?
233205431
-40343405 (base 6) to base 8
-4304175
-576813 (base 11) to base 14
-19c114
What is 45324607 (base 8) in base 14?
1434623
What is -33996 (base 13) in base 5?
-11001133
What is 110011110010101100 (base 2) in base 10?
212140
What is -4301268 (base 9) in base 10?
-2303864
What is 110011000001010000010111 (base 2) in base 5?
11410440422
What is 135556444 (base 7) in base 15?
bb3851
What is -115961 (base 10) in base 2?
-11100010011111001
Convert 102030333 (base 4) to base 8.
221477
-10100010111101011011011 (base 2) to base 5
-2331333432
Convert -8ec0b6 (base 15) to base 8.
-32020745
Convert -1362366 (base 10) to base 8.
-5144676
44120400 (base 5) to base 3
201021112122
2b0c08 (base 13) to base 5
232340133
253552 (base 7) to base 2
1011011101010010
Convert -13633704 (base 9) to base 13.
-1526287
Convert 51d98 (base 14) to base 10.
197506
1737229 (base 13) to base 7
120660316
-78881 (base 11) to base 3
-12210122100
-57a1b (base 14) to base 2
-110100000100011001
What is -132230030 (base 4) in base 3?
-20101102212
What is -2a6865 (base 12) in base 11?
-44a454
What is -9897025 (base 10) in base 13?
-2086a38
-231211111 (base 5) to base 16
-fd7c9
Convert -101100110110110010001010 (base 2) to base 10.
-11758730
What is 12020313111 (base 4) in base 12?
657299
931a82 (base 12) to base 9
4302728
Convert -2332212022 (base 4) to base 2.
-10111110100110001010
c80dc4 (base 16) to base 5
11324020344
Convert -11161 (base 7) to base 9.
-3801
What is 4126273 (base 8) in base 12?
4484a3
What is 41767 (base 13) in base 6?
2304541
Convert -302b7 (base 12) to base 6.
-1201551
Convert 934983 (base 10) to base 5.
214404413
What is b1b8c (base 13) in base 9?
534614
a92e6 (base 15) to base 16
832cb
-3593d5 (base 15) to base 16
-2719c4
-12022011012102 (base 3) to base 12
-b3a76b
Convert -100000001110000110101001 (base 2) to base 3.
-120220010020210
-11120323303 (base 4) to base 2
-101011000111011110011
Convert -3d88d1 (base 14) to base 15.
-2c30dd
Convert 485351 (base 14) to base 7.
30006631
Convert -12188 (base 12) to base 13.
-b180
What is -33943 (base 10) in base 15?
-a0cd
What is 112202112022 (base 3) in base 12?
120168
What is -22121112122012 (base 3) in base 7?
-53622251
What is -213022213312 (base 4) in base 12?
-353175a
What is 9884a (base 12) in base 10?
201658
-371025 (base 11) to base 7
-4663236
1187271 (base 10) to base 5
300443041
-145453515 (base 6) to base 13
-836ac8
What is 244241 (base 8) in base 11?
58231
Convert -a7727 (base 11) to base 14.
-410dd
What is -1135331 (base 8) in base 2?
-1001011101011011001
What is 100222022 (base 5) in base 7?
3246323
-310624 (base 7) to base 5
-3200014
What is -21220424 (base 5) in base 15?
-382ae
Convert -115145b (base 12) to base 14.
-62d739
What is ad84 (base 16) in base 13?
172ac
Convert 110001111100010000 (base 2) to base 16.
31f10
530504 (base 7) to base 11
62810
Convert -3512cd (base 14) to base 16.
-1b99e5
Convert 332100331 (base 4) to base 9.
427754
Convert -242442013 (base 5) to base 12.
-46ba56
a00457 (base 12) to base 11
144aaa4
-111001111100010000011 (base 2) to base 6
-104405535
Convert -62152425 (base 7) to base 8.
-23670375
3055164 (base 9) to base 11
a14368
What is -395808 (base 15) in base 3?
-12011211121222
Convert -30321112201 (base 4) to base 7.
-40510045
Convert 667470 (base 9) to base 13.
10c8ab
Convert 142030 (base 11) to base 7.
1614064
122219 (base 11) to base 4
233023221
What is -27d40 (base 16) in base 12?
-7a4a8
What is 10111111001100101 (base 2) in base 16?
17e65
1112244 (base 6) to base 9
85151
What is -346270 (base 11) in base 4?
-2012102012
What is 11221120303 (base 4) in base 7?
15403402
-111020002031 (base 4) to base 16
-54808d
What is -110011000111110100001111 (base 2) in base 9?
-27185178
Convert -43210203 (base 5) to base 13.
-ca962
What is -407614 (base 13) in base 12?
-604b7a
What is 444535315 (base 6) in base 16?
7b1ebf
What is -63698 (base 12) in base 3?
-20122010022
167